the units digit of x?
5
Suppose 11*i - 6*i - 939 = -2*c, 5*c = 2*i + 2275. What is the hundreds digit of c?
4
Let v(a) = a**2 + 8*a + 12. Let r be v(-4). What is the units digit of 3/(-1) + -5 - r - -9?
5
Let l(i) = 43*i + 47*i + i**2 + 41*i**2 - 92*i - 2. What is the tens digit of l(-1)?
4
Let o = -908 + 1901. What is the units digit of o?
3
Let m be ((-16)/12)/(1/(-36)). Let t = m + 45. What is the units digit of t?
3
Let k(d) = 2*d - 16. Let r be k(11). Let n = -58 - -103. Suppose 2*l = -p + 6, -5*l - n = p - r*p. What is the units digit of p?
8
Suppose 4*z = -3*s + 31, 6*z - 2*z + 5*s - 41 = 0. Suppose f - 4*h - 92 = 0, 0 = -2*f + z*f + 4*h - 220. What is the hundreds digit of f?
1
Suppose -17*u = -11*u - 324. What is the units digit of u?
4
Let v be (-2)/6 + 451/(-33). What is the units digit of (-373)/(-7) - (-4)/v?
3
Let z be (-6 + 1 + -1)/(8/168). Let g = -82 - z. What is the tens digit of g?
4
Suppose 4*o = 4*s + 124, 2*s = -1 - 3. Let i = o - 27. Suppose -2*j - i*v + 96 = 0, 0 = 2*j - 4*v - 46 - 44. What is the tens digit of j?
4
Let l = -58 - -1630. What is the hundreds digit of l?
5
Suppose 76*o - 80*o + 2517 = l, -3*l = 5*o - 3141. What is the units digit of o?
0
Suppose 3*o - 34 = -5*x, 11 = x + 4*o - 6. Suppose -28 = x*n - 138. Let m = 2 + n. What is the units digit of m?
4
Let v(n) = -19*n**2 + 3*n + 7. Let l(f) = 37*f**2 - 6*f - 15. Let s(w) = -3*l(w) - 7*v(w). What is the tens digit of s(3)?
8
Let n(y) = -78*y**3 - 10*y**2 - 23*y - 10. What is the tens digit of n(-2)?
2
Let q(r) = -17*r**2 - 19. Let j be q(5). Let l = -126 - j. What is the hundreds digit of l?
3
Let h be ((-1)/3 - 24/(-18)) + -148. Let n = 17 - h. What is the units digit of n?
4
Suppose -16*g + 1496 = g. What is the units digit of g?
8
Let h(v) = -v**3 - 34*v**2 - 50*v - 15. What is the hundreds digit of h(-33)?
5
What is the units digit of 393 + -5 + 4 + -1?
1
Let d be 8/(-20) + 2 + 14/10. Suppose -25 = 5*u, d*q = -q - 2*u + 426. What is the units digit of q?
9
Let s = 47 - 45. Suppose -4*b - 12 = 0, 2*b + 101 = s*n + 3*b. What is the units digit of n?
2
Suppose -2*u + 0*d - 129 = -3*d, -3*u = -3*d + 195. What is the units digit of (-3049)/(-11) + -3*(-4)/u?
7
Let g(j) = 6*j - 3. Let n be g(3). Let v(h) = -h**3 + h. Let q(a) = -6*a**3 + 15*a**2 + 7*a - 3. Let i(m) = q(m) - 5*v(m). What is the units digit of i(n)?
7
Suppose 3*n = -2*h - 0*n + 7, 4 = 4*h - 4*n. Suppose 0 = -2*m + 2*g + 104, 2*g = 3*g - h. What is the tens digit of m?
5
Let w = -51 - -422. Let q = -263 + w. What is the units digit of q?
8
Let r be 5/2*((2 - -1) + -11). What is the units digit of (-586)/(-5) + r/(-25)?
8
Let x = 34 - -159. What is the tens digit of x?
9
Let k be 330/12*(-4)/(-5). Let n = 10 - k. What is the units digit of (-8)/(-3)*(-18)/n?
4
Let s(h) = 3*h + 45. Let f be s(-16). Let d(z) = -3*z**3 + z**2 + 1. What is the units digit of d(f)?
1
Let d be -12 - (40/(-2))/(-5). Let j = 33 + d. What is the tens digit of j?
1
What is the hundreds digit of (705 + (-30)/(-10))*1?
7
Let i(b) = b + 42. Let g be 6/12 + 2/(-4). What is the tens digit of i(g)?
4
Let r be (-9)/(-18)*(-1 - -1). Let f be (33/9 + -4)*r. What is the units digit of (-19 - -48)/(f + 1)?
9
Let q(h) = h**3 + 14*h**2 - 34*h - 31. Let i be q(-16). What is the tens digit of (2 + i)*(1536/(-18))/(-2)?
2
Let o = -12 + 22. Let z = o - -1. What is the tens digit of z?
1
What is the hundreds digit of ((-396)/15)/(16/(-920))?
5
Let k be -188*2/(-4) + -3. Let m(y) = 5*y + 10. Let r be m(6). Let p = k - r. What is the tens digit of p?
5
Suppose -5284 = -20*q + 5316. What is the tens digit of q?
3
What is the tens digit of (-426)/4*(350/(-21) + 8)?
2
Let p = 1011 + 441. What is the units digit of p?
2
Let t = 37 + 74. Let i = 160 - t. What is the tens digit of i?
4
Suppose -2*z - 15 = -7*z. Let b be 104 + (-1 - 3) - z. Let o = -27 + b. What is the units digit of o?
0
Let d(w) = 3*w**2 - 4*w + 2. Let x be d(3). Let g = x - 14. Suppose 3*y - 66 = 6*r - g*r, -5*r + 10 = 0. What is the units digit of y?
4
Suppose 3485 = 17*m - 50609. What is the thousands digit of m?
3
Let s(j) = j**3 - 5*j**2 - 5*j + 3. Let d be s(-5). Let v = -109 - d. What is the hundreds digit of v?
1
Suppose -16 = y - 5*y. Suppose -5*u = -4*s - 160, 0*s - 2*s = y*u - 128. Let o = 56 - u. What is the tens digit of o?
2
Let k be 6/5*70/42. Suppose 0 = 3*z - k*z + 4*p - 26, 0 = -5*z + 5*p + 205. What is the tens digit of z?
3
Let b(h) be the third derivative of -31*h**4/12 + 13*h**3/3 - 3*h**2. What is the units digit of b(-3)?
2
Let i be (-2)/12 - (-104)/48. Let k be (-952)/(-48) + i/12. Suppose -3*w + k = 2*w. What is the units digit of w?
4
Let d be (-202)/(-2) + ((-4)/(-2) - 2). Suppose h - d = -4*w, w + 5 = -2*h + 25. What is the tens digit of w?
2
Suppose 34*j + 1456 = 48*j. What is the hundreds digit of j?
1
Suppose 5*z - 3*z + 8 = 0. Let k(x) be the third derivative of x**6/120 + x**5/10 - x**3/6 - x**2. What is the units digit of k(z)?
1
Let t(p) = -2*p**3 - 37*p**2 - 19*p + 10. What is the units digit of t(-19)?
2
Let v be -312*3/4*26/(-39). Let f = v + 102. What is the tens digit of f?
5
Let b = -656 - -1224. Suppose x - b = -x. Suppose 4*j - x = -52. What is the units digit of j?
8
Let z = -48 + 50. Suppose -22 + 108 = z*s. What is the tens digit of s?
4
What is the units digit of (2 - 1)*0 + (779 - 4)?
5
Let t = 824 + -116. What is the tens digit of t?
0
Let z be -5*-6*(-1)/(-2). Let w = -18 + z. Let y(k) = -k**3 + 3*k**2 + 2*k - 3. What is the tens digit of y(w)?
4
Suppose 12*w = 16*w - 1044. What is the hundreds digit of w?
2
Suppose 3*y + 576 = 2*g, -5*g - 2*y + 1440 = -3*y. Let h = -48 + g. What is the hundreds digit of h?
2
What is the tens digit of (4/6)/(4/11148)?
5
Let n be (10/(-5))/(-2) - -194. Suppose 3*l = -0*l + n. Suppose 2*y - i = -0*i + l, -155 = -5*y - 5*i. What is the tens digit of y?
3
Let y = -14 - -10. Let w(j) = 6*j**2 + 5*j + 9. Let m be w(y). Let c = -58 + m. What is the tens digit of c?
2
Let a = -343 - -396. What is the tens digit of a?
5
Suppose 0 = -q + 2*q + 2*i - 806, q - 5*i = 841. What is the hundreds digit of q?
8
Suppose 7*l = 754 + 149. Let i = l + -97. What is the tens digit of i?
3
Let y(d) = d**2 - 26*d + 65. What is the tens digit of y(31)?
2
Suppose -3*c + 4*p = -4, 0*c = 4*c + 3*p + 28. Let g be 108/24*c/(-3). Let z = 22 + g. What is the tens digit of z?
2
Suppose 4*j - 37 = -a, -7*a + 3*a = -2*j - 148. Suppose 0 = -5*h + a - 2. Suppose -1 - h = -b. What is the units digit of b?
8
Let j(x) = 60*x + 1. Let n = -15 + 23. Suppose 4*h + v = -4*v + 19, 2*v = -2*h + n. What is the tens digit of j(h)?
6
Let o(w) = 68*w - 2. Let r be o(2). Let d = r - 55. Let c = d + -42. What is the units digit of c?
7
Suppose -2*x = b - 4, 2*b = -0*x + 2*x + 26. Let a = b - 5. Suppose 0 = a*f - 114 - 51. What is the units digit of f?
3
Let u = 260 - 82. What is the tens digit of u?
7
Let w(p) = -p**3 + 10*p**2 + 16*p + 8. Let m be (12 - (-2)/(-2)) + (-9)/3. What is the tens digit of w(m)?
6
Suppose 7*d = 6*d + 5*f + 41, 9 = 3*f. What is the hundreds digit of (d/35)/((-2)/(-365))?
2
Let s be (-1 - 8*-8) + 1. Let y(i) = -i - 17. Let a be y(-5). Let v = s + a. What is the units digit of v?
2
Let b(t) = t**3 - t**2 - t - 1. Let v be b(-2). Let k(d) = -11*d - 42. What is the tens digit of k(v)?
7
Let i(p) be the second derivative of -5*p**3/6 + 25*p**2/2 + 15*p. What is the units digit of i(-16)?
5
Let g(x) = -7*x**2 - 3*x + 2. Let w be g(-3). Let v = w - -84. What is the units digit of v?
2
Suppose -193*j = -130*j - 156051. What is the tens digit of j?
7
Suppose 2*t - 3*r = -r + 8, -5*r = 10. Let x(m) = m**3 + 3*m**3 - 3*m**3 + 3*m**t + 2. What is the units digit of x(-3)?
2
Let o be 2/(4 + 888/(-220)). Let y be (-10)/4*(-66)/o. What is the units digit of -3 + (-1 - 150/y)?
6
Let j(r) = r**3 + 9*r**2 + 9*r - 1. Let k be j(-8). Let q be (-479)/k - 14/63. Suppose b + 6*l = 2*l + q, 0 = 5*b - l - 160. What is the tens digit of b?
3
Suppose -3*s = -2*u + 6, 0*s - 9 = -3*u + s. Suppose 2*r + u*r = -4*z + 462, 192 = 2*r + 4*z. What is the tens digit of r?
9
Let y = 584 + -435. What is the tens digit of y?
4
Let p = 113 + -107. Let j(d) = 3*d + 1 - 4 + 4. What is the tens digit of j(p)?
1
Suppose -3*m + 11 = w + 1, 2*m = 5*w - 16. Let z b